 + 252*h**2 - 15858*h - 1149. Give b(123).
-42
Let n(w) = 6568*w + 256173. What is n(-39)?
21
Let p(s) = -s**3 + 228*s**2 + 317*s - 18741. Determine p(229).
1411
Let x(h) = 339*h**3 + 7*h**2 - 3*h - 3. Calculate x(1).
340
Let g(n) = -n**2 + 237015*n - 1659049. Give g(7).
7
Let j(a) = -9259*a + 63388. Calculate j(7).
-1425
Let b(t) = -7064*t - 522699. Calculate b(-74).
37
Let g(v) = v**2 - 472*v - 17731. Give g(-35).
14
Let p(a) = 5*a**3 + 559*a**2 + 1109*a + 18. What is p(-2)?
-4
Let s(p) = 2*p**3 - 53*p**2 - 576*p - 281. Calculate s(-8).
-89
Let z(b) = 5*b**3 - 75*b**2 - 79*b - 47. Calculate z(16).
-31
Let x(n) = 15761690*n + 94570145. What is x(-6)?
5
Let l(s) = 50*s**2 - 4*s + 39. Calculate l(0).
39
Let m(j) = -106707*j + 960372. Give m(9).
9
Let g(v) = 713*v + 35430. Give g(-50).
-220
Let b(z) = 7*z**2 + 381*z - 50. Calculate b(-56).
566
Let t(h) = 27583*h + 2703098. Determine t(-98).
-36
Let r(i) = -2*i**3 - 3*i**2 - 12*i + 52. What is r(3)?
-65
Let j(b) = 1233*b - 13556. What is j(11)?
7
Let q(s) = -s**2 - 272*s - 7301. Determine q(-242).
-41
Let m(f) = -132892*f + 8106422. Give m(61).
10
Let h(d) = d**3 + 11*d**2 - 29*d - 245. What is h(-7)?
154
Let g(x) = 1676*x + 97177. Give g(-58).
-31
Let u(l) = 589*l + 18054. What is u(-30)?
384
Let g(r) = -229*r + 167. What is g(0)?
167
Let t(q) = -378672*q - 2272006. Give t(-6).
26
Let n(f) = 1124*f + 51954. Calculate n(-47).
-874
Let t(z) = 3619*z + 14554. Determine t(-4).
78
Let k(o) = -o**3 - 87*o**2 - 6759*o - 588035. Calculate k(-87).
-2
Let z(o) = -o**3 - 220*o**2 - 688*o - 7962. What is z(-217)?
67
Let i(a) = -4290*a + 621934. Calculate i(145).
-116
Let p(v) = -10*v**2 + 210*v - 83. What is p(24)?
-803
Let w(k) = -k**2 + 43*k + 9739. Determine w(123).
-101
Let q(w) = 7*w**2 + 3030*w + 12085. Give q(-4).
77
Let z(f) = 41*f**3 - 5*f**2 - 53*f - 100. What is z(-3)?
-1093
Let g(j) = 1053*j**2 - 91622*j + 945. Give g(87).
-12
Let o(d) = d**3 - 169*d**2 + 2036*d - 1239. What is o(156)?
9
Let b(y) = 86*y - 5209. Calculate b(43).
-1511
Let k(l) = 2*l**2 - 172*l - 1167. Calculate k(75).
-2817
Let t(z) = -16*z**3 + 322*z**2 - 109*z + 1379. What is t(20)?
-1
Let a(o) = -28202*o - 282384. Give a(-10).
-364
Let k(n) = -9945*n - 33204. Give k(-4).
6576
Let d(m) = m**2 + 14*m - 381. Determine d(22).
411
Let o(h) = -2*h**2 - 489*h + 17422. Calculate o(31).
341
Let z(d) = -4142*d**2 - 16580*d - 23. Determine z(-4).
25
Let v(h) = 2*h**3 - 1279*h**2 - 662*h + 14188. Calculate v(640).
108
Let r(s) = -s**3 + 6*s**2 - 342*s + 983. Give r(3).
-16
Let z(w) = 11*w**3 + 58*w**2 - 248*w - 85. What is z(-8)?
-21
Let d(c) = 831*c + 1620. Determine d(-2).
-42
Let k(o) = -14951*o - 239211. Calculate k(-16).
5
Let m(v) = 3*v**2 - 55*v - 68. Calculate m(19).
-30
Let u(v) = -9*v**3 - 49*v**2 + 16*v - 71. Determine u(-6).
13
Let w(b) = -7039*b - 2745206. Determine w(-390).
4
Let g(i) = -i**3 + 128*i**2 - 20*i + 797. Give g(128).
-1763
Let n(j) = -11240*j + 887498. Determine n(79).
-462
Let w(s) = -5*s**3 - 30*s**2 + 5*s + 76. Calculate w(-4).
-104
Let c(p) = p**2 + 140076*p - 1821145. Give c(13).
12
Let k(t) = 92*t - 3757. Calculate k(43).
199
Let a(j) = 176*j - 12134. What is a(69)?
10
Let g(o) = -49*o**2 - 2843*o - 8528. Give g(-3).
-440
Let s(h) = 59696*h - 19401202. Determine s(325).
-2
Let y(o) = -348*o**2 + 19485*o + 141. Calculate y(56).
-27
Let f(h) = h**3 + 103*h**2 - 1902*h - 126. Determine f(16).
-94
Let f(p) = 165*p**2 - 5285*p + 291. Calculate f(32).
131
Let i(n) = 165*n + 25240. Determine i(-152).
160
Let b(x) = 4300*x - 17226. What is b(4)?
-26
Let u(n) = 8*n**2 - 70*n - 1721. Determine u(-13).
541
Let i(x) = -x**3 + 7*x**2 - 4250*x + 34060. Calculate i(8).
-4
Let x(s) = 16*s**2 + 156*s + 96. Determine x(-9).
-12
Let b(z) = -26*z**2 - 5447*z + 399166. Determine b(-267).
1
Let r(a) = -2149*a - 152334. What is r(-71)?
245
Let m(n) = -121*n - 4310. Give m(-35).
-75
Let p(b) = -104*b**3 + 2390*b**2 + 57*b - 253. What is p(23)?
0
Let a(y) = -y**3 - 41*y**2 - 243*y - 14159. Calculate a(-43).
-12
Let r(m) = 38279*m + 306235. Determine r(-8).
3
Let h(f) = 41811*f - 334543. What is h(8)?
-55
Let a(k) = -284369*k - 284721. Calculate a(-1).
-352
Let u(i) = -i**3 + 344*i**2 + 382*i - 12772. Calculate u(345).
-7
Let m(c) = -48*c**3 + 23*c**2 + 157*c + 16. What is m(2)?
38
Let t(m) = -14604*m - 1168310. Give t(-80).
10
Let z(o) = 3*o**3 - 44*o**2 + 76*o + 431. What is z(6)?
-49
Let b(c) = 105*c + 2268. What is b(-16)?
588
Let k(a) = 2*a**3 + 26*a**2 + 218*a + 2279. Give k(-12).
-49
Let v(t) = 2*t**2 + 167*t + 749. What is v(-75)?
-526
Let b(z) = z**3 + 7*z**2 - 932*z - 7308. What is b(-8)?
84
Let l(q) = q**3 + 91*q**2 + 1577*q + 97. What is l(-23)?
-202
Let m(s) = s**3 - 86*s**2 - 3924*s + 83. Calculate m(-33).
-16
Let t(o) = 212*o**3 + 9*o**2 - 370*o + 717. What is t(2)?
1709
Let g(b) = b**3 - 58*b**2 - 165*b - 744. What is g(61)?
354
Let v(i) = -10076*i + 40265. Give v(4).
-39
Let n(h) = 2*h**3 + 17*h**2 - 713*h + 739. Determine n(-24).
-5
Let y(l) = -1477043*l + 8862261. Determine y(6).
3
Let q(d) = -8110*d + 113. Determine q(0).
113
Let m(f) = -f**2 - 201*f - 9037. What is m(-133)?
7
Let b(m) = 3*m**3 - 121*m**2 + 24*m + 762. What is b(40)?
122
Let y(u) = 20*u**2 - 2877*u + 8618. Determine y(3).
167
Let d(w) = -44*w**3 + 11544*w**2 - 4190*w - 526. Calculate d(262).
-2
Let q(k) = 43*k**2 + 30*k - 156. What is q(4)?
652
Let f(a) = -a**3 - 16*a**2 + 115*a + 717. Give f(-20).
17
Let y(k) = -k**3 + 2*k**2 - 74*k - 594. What is y(-6)?
138
Let f(c) = -306*c**2 + 2441*c - 33. What is f(8)?
-89
Let o(l) = -63791*l + 21944101. Calculate o(344).
-3
Let p(g) = 8942*g - 11114910. What is p(1243)?
-4
Let j(q) = 19388*q - 38949. Give j(2).
-173
Let m(z) = -2*z**3 + 147*z**2 - 226*z + 725. Give m(72).
5
Let v(r) = 722975*r + 5060796. Give v(-7).
-29
Let y(l) = -4719*l + 136867. What is y(29)?
16
Let n(o) = 351*o + 2435. Calculate n(-6).
329
Let o(x) = 6*x**3 - 4750*x**2 + 63794*x + 1596. What is o(778)?
40
Let x(v) = -3*v**3 + 1419*v**2 - 8405*v - 255. What is x(467)?
212
Let j(k) = 8*k**3 - 967*k**2 - 116*k - 274. Determine j(121).
331
Let v(a) = 240237*a + 6966870. What is v(-29)?
-3
Let n(w) = 142*w**2 + 730*w + 62. What is n(-5)?
-38
Let u(r) = -r**2 + 401*r + 18706. Determine u(443).
100
Let w(y) = -253183*y + 759601. Give w(3).
52
Let o(m) = -1040*m - 406861. Determine o(-391).
-221
Let j(d) = 14305*d + 13975976. Calculate j(-977).
-9
Let n(y) = y**2 + 793*y - 27264. Determine n(33).
-6
Let s(d) = 860*d + 8623. Calculate s(-10).
23
Let j(c) = 5*c**2 + 344*c + 805. Give j(-68).
533
Let t(y) = -3*y**2 - 784*y + 173454. What is t(143)?
-5
Let b(f) = f**3 + 913*f**2 + 16972*f - 12569. Calculate b(-894).
-53
Let c(m) = m**3 - 120*m**2 - 1560*m + 131934. Give c(124).
-2
Let i(v) = -v**3 + 224*v**2 - 3*v + 362. Calculate i(224).
-310
Let h(c) = -99*c**2 - 473*c + 19908. Give h(12).
-24
Let s(w) = -7258*w - 21584. Determine s(-3).
190
Let j(r) = -r**2 - 58*r - 543. Determine j(-12).
9
Let h(f) = 4*f**3 + 7*f**2 + 161*f - 168. Calculate h(1).
4
Let z(t) = 241041*t + 2169386. Calculate z(-9).
17
Let u(n) = -12170*n + 706023. Calculate u(58).
163
Let y(f) = -1020685*f + 26537811. What is y(26)?
1
Let c(g) = -4*g**2 - 1027*g + 9814. What is c(-266)?
-28
Let n(c) = 176*c - 2840. Give n(16).
-24
Let l(s) = 31*s**3 - s**2 + 425*s - 55. Give l(0).
-55
Let h(n) = -2*n**3 - 2*n**2 + 679*n + 683. Determine h(-1).
4
Let w(c) = -c**3 - 33*c**2 + 1345*c + 36238. What is w(-23)?
13
Let p(s) = -s**3 + 847*s**2 - 4187*s - 19364. Calculate p(842).
2
Let g(b) = -213*b**2 - 215986*b - 4056. Calculate g(-1014).
0
Let k(z) = 32*z**2 - 522. What is k(-4)?
-10
Let y(d) = -96*d**2 - 25*d + 11. Give y(-3).
-778
Let h(x) = -3*x**3 - 66*x**2 + 40*x + 830. Calculate h(-22).
-50
Let d(g) = 16*g**2 + 215*g - 1074. Determine d(5).
401
Let s(h) = h**3 - 407*h**2 - 3350*h + 360144. Determine s(413).
8
Let r(f) = 1845*f - 53386. Determine r(29).
119
Let d(a) = 1146*a + 5739. Determine d(-5).
9
Let b(d) = -d**3 + 70*d**2 + 416*d - 4. What is b(-7)?
857
Let k(q) = 147*q**2 + 2657*q + 227. Calculate k(-18).
29
Let l(b) = 10*b**3 - 109*b**2 + 291*b + 27. Calculate l(6).
9
Let f(l) = 2*l**2 - 242*l - 492. Calculate f(123).
0
Let p(g) = -g**3 + g**2 + 37*g + 22. Give p(-5